.
91
What is the highest common divisor of 291818 and 13462?
106
What is the highest common divisor of 336 and 13702584?
168
Calculate the highest common divisor of 1140 and 24866440.
380
Calculate the greatest common factor of 272 and 320281768.
136
Calculate the highest common divisor of 27322725 and 75.
75
What is the greatest common divisor of 4326 and 82823433?
2163
Calculate the highest common factor of 25880 and 15544175.
3235
Calculate the highest common factor of 5100 and 1741140.
1020
What is the highest common divisor of 2224 and 58106?
2
Calculate the greatest common factor of 1326 and 15967250.
442
Calculate the highest common factor of 36 and 21564108.
36
Calculate the greatest common divisor of 6589905 and 315.
105
Calculate the greatest common factor of 69093622 and 169.
169
What is the highest common divisor of 269660 and 6074140?
1940
Calculate the greatest common factor of 19872 and 558624.
2208
What is the greatest common factor of 138 and 122691453?
69
Calculate the greatest common divisor of 4601035 and 1265.
115
What is the greatest common factor of 17248175 and 5600?
175
Calculate the highest common divisor of 808 and 30911151.
101
What is the highest common divisor of 615 and 217565?
5
What is the highest common divisor of 15691648 and 77?
7
What is the greatest common divisor of 661120 and 12240?
80
Calculate the greatest common factor of 4452 and 996612.
636
Calculate the greatest common divisor of 6792351 and 6.
3
Calculate the greatest common divisor of 5911002 and 54.
54
Calculate the greatest common divisor of 472895 and 58807.
271
What is the greatest common factor of 491918 and 2429?
7
What is the greatest common factor of 2224280 and 36?
4
Calculate the greatest common factor of 60 and 344144730.
30
What is the greatest common divisor of 283153752 and 837?
837
What is the highest common divisor of 247208 and 13312?
104
Calculate the greatest common divisor of 22471085 and 191139.
4901
Calculate the greatest common divisor of 896 and 2833280.
128
What is the highest common divisor of 5581333 and 248?
31
What is the highest common divisor of 101012183 and 999?
37
What is the greatest common divisor of 657 and 17743380?
219
What is the greatest common factor of 272225 and 20225?
25
What is the highest common factor of 4427696 and 10192?
1456
What is the highest common factor of 54769225 and 140?
35
Calculate the highest common divisor of 8930 and 403184142.
1786
Calculate the greatest common divisor of 325167 and 4220277.
1149
What is the highest common factor of 102008530 and 2470?
2470
Calculate the highest common divisor of 425 and 349908875.
425
What is the highest common factor of 374 and 275409299?
187
Calculate the greatest common divisor of 9789 and 59319.
39
Calculate the greatest common divisor of 333 and 30794693.
37
Calculate the greatest common divisor of 5965302 and 168.
42
What is the highest common divisor of 1947 and 23081685?
1947
What is the greatest common factor of 68 and 259384?
4
Calculate the greatest common divisor of 7215 and 2138253.
39
Calculate the highest common divisor of 624 and 4658832.
48
Calculate the highest common divisor of 1255576 and 792.
8
Calculate the highest common divisor of 7232 and 124654368.
3616
What is the highest common divisor of 67974296 and 442?
442
What is the highest common factor of 4183 and 104729771?
4183
What is the highest common factor of 36193 and 1071?
17
What is the greatest common factor of 7875 and 59042025?
1575
What is the highest common factor of 2220428 and 840?
28
Calculate the highest common divisor of 1080 and 1162088280.
360
What is the highest common divisor of 136350 and 1492578?
1818
Calculate the greatest common factor of 43 and 42127831.
43
What is the highest common factor of 6963999 and 51?
51
What is the highest common factor of 224065429 and 34083?
3787
What is the highest common factor of 43075 and 15425?
25
Calculate the greatest common factor of 9383 and 69157.
11
Calculate the greatest common factor of 2262 and 45531102.
174
Calculate the highest common divisor of 7085 and 2369965.
65
What is the highest common divisor of 42172 and 45604?
52
What is the highest common factor of 9656 and 209080?
8
Calculate the greatest common factor of 140 and 6783105.
35
What is the greatest common divisor of 33761892 and 831192?
7044
Calculate the highest common divisor of 10307 and 52052.
11
Calculate the highest common factor of 651234 and 472098.
1866
What is the greatest common divisor of 5073 and 9241671?
267
Calculate the greatest common factor of 23 and 163167911.
23
What is the greatest common factor of 4304 and 63515204?
1076
Calculate the highest common factor of 43461 and 230043.
33
Calculate the highest common divisor of 193 and 104882955.
193
Calculate the greatest common factor of 574525 and 1025.
25
Calculate the greatest common divisor of 3866901700 and 334.
334
What is the greatest common factor of 3772 and 50269444?
3772
Calculate the highest common factor of 457 and 3653985087.
457
What is the highest common divisor of 37 and 50750495?
37
What is the greatest common factor of 1649232 and 51516?
36
Calculate the highest common divisor of 1793875 and 791.
113
What is the highest common divisor of 976110659 and 151?
151
What is the highest common factor of 3520 and 3068160?
320
Calculate the highest common divisor of 4551833 and 7228.
1807
Calculate the highest common factor of 128 and 4288088.
8
Calculate the highest common divisor of 60021 and 3717.
9
Calculate the highest common factor of 207 and 40605543.
9
What is the highest common divisor of 341 and 3829957?
31
What is the highest common factor of 19144616 and 72?
8
Calculate the highest common factor of 11978391 and 3.
3
What is the greatest common factor of 9750 and 9760250?
250
Calculate the greatest common divisor of 833812 and 219996.
2716
What is the greatest common divisor of 13542473 and 247345?
1337
What is the greatest common factor of 81978435 and 2655?
2655
What is the greatest common factor of 162375 and 10000?
125
What is the greatest common divisor of 23779 and 49364?
301
Calculate the greatest common factor of 1430 and 1464606.
286
What is the greatest common divisor of 6627 and 1262?
1
Calculate the greatest common divisor of 156 and 218212788.
12
What is the highest common divisor of 8043 and 959?
7
What is the highest common divisor of 3808 and 18008984?
952
What is the highest common factor of 7728 and 32792?
8
Calculate the greatest common divisor of 1010 and 1291790.
1010
Calculate the greatest common divisor of 30880640 and 55370.
7910
Calculate the greatest common divisor of 1133596 and 188367.
1697
What is the highest common divisor of 236292 and 2672292?
2436
Calculate the greatest common divisor of 11130 and 46340.
70
Calculate the greatest common factor of 14 and 106562.
2
Calculate the greatest common divisor of 108 and 32721840.
108
Calculate the greatest common factor of 14650 and 381680.
10
Calculate the greatest common divisor of 221 and 20298746.
13
What is the highest common factor of 158248 and 9330344?
1048
What is the highest common divisor of 46466 and 14714?
14
Calculate the greatest common divisor of 2432 and 513475.
19
What is the greatest common factor of 77400 and 35800?
200
What is the highest common divisor of 1075335 and 510?
255
Calculate the highest common divisor of 94 and 17276307.
47
What is the highest common factor of 38493989 and 30378?
5063
Calculate the highest common divisor of 3003 and 14758029.
429
What is the highest common divisor of 109058245 and 201?
67
What is the highest common factor of 30 and 351285960?
30
What is the highest common divisor of 172037 and 25721?
89
Calculate the greatest common divisor of 1501 and 722076.
19
What is the highest common factor of 7035 and 318045?
105
Calculate the highest common divisor of 13145841 and 13653.
333
What is the greatest common factor of 82 and 9891086?
82
Calculate the highest common divisor of 884 and 45772857.
221
Calculate the greatest common factor of 819202070 and 2540.
1270
What is the highest common factor of 267759 and 214461?
1269
Calculate the greatest common divisor of 141206 and 160862.
26
What is the greatest common divisor of 2619 and 2846